57.141.20.26 - - [08/Aug/2026:09:38:30 +0300] "GET /?id=happybet99 HTTP/1.0" 200 197724 "-" "Mozilla/5.0 (Windows NT 10.0; Win64; x64) AppleWebKit/537.36 (KHTML, like Gecko) Chrome/145.0.0.0 Safari/537.36 (compatible; meta-externalagent/1.1 (+https://developers.facebook.com/docs/sharing/webmasters/crawler))"
57.141.20.70 - - [08/Aug/2026:09:38:32 +0300] "GET /?id=DEMO+SLOT+ZEUS HTTP/1.0" 200 197766 "-" "Mozilla/5.0 (Macintosh; Intel Mac OS X 10_15_7) AppleWebKit/537.36 (KHTML, like Gecko) Chrome/145.0.0.0 Safari/537.36 (compatible; meta-externalagent/1.1 (+https://developers.facebook.com/docs/sharing/webmasters/crawler))"
57.141.20.44 - - [08/Aug/2026:09:38:33 +0300] "GET /?id=kali+500 HTTP/1.0" 200 197693 "-" "Mozilla/5.0 (Windows NT 10.0; Win64; x64) AppleWebKit/537.36 (KHTML, like Gecko) Chrome/145.0.0.0 Safari/537.36 (compatible; meta-externalagent/1.1 (+https://developers.facebook.com/docs/sharing/webmasters/crawler))"
57.141.20.53 - - [08/Aug/2026:09:38:47 +0300] "GET /?id=kawanbaru HTTP/1.0" 200 197712 "-" "Mozilla/5.0 (Macintosh; Intel Mac OS X 10_15_7) AppleWebKit/537.36 (KHTML, like Gecko) Chrome/145.0.0.0 Safari/537.36 (compatible; meta-externalagent/1.1 (+https://developers.facebook.com/docs/sharing/webmasters/crawler))"
57.141.20.32 - - [08/Aug/2026:09:39:01 +0300] "GET /?id=harum388 HTTP/1.0" 200 197697 "-" "Mozilla/5.0 (Windows NT 10.0; Win64; x64) AppleWebKit/537.36 (KHTML, like Gecko) Chrome/145.0.0.0 Safari/537.36 (compatible; meta-externalagent/1.1 (+https://developers.facebook.com/docs/sharing/webmasters/crawler))"
57.141.20.70 - - [08/Aug/2026:09:39:07 +0300] "GET /?id=gtatoto HTTP/1.0" 200 197691 "-" "Mozilla/5.0 (Macintosh; Intel Mac OS X 10_15_7) AppleWebKit/537.36 (KHTML, like Gecko) Chrome/145.0.0.0 Safari/537.36 (compatible; meta-externalagent/1.1 (+https://developers.facebook.com/docs/sharing/webmasters/crawler))"
57.141.20.32 - - [08/Aug/2026:09:39:23 +0300] "GET /?id=bola855 HTTP/1.0" 200 197686 "-" "Mozilla/5.0 (Macintosh; Intel Mac OS X 10_15_7) AppleWebKit/537.36 (KHTML, like Gecko) Chrome/145.0.0.0 Safari/537.36 (compatible; meta-externalagent/1.1 (+https://developers.facebook.com/docs/sharing/webmasters/crawler))"
57.141.20.39 - - [08/Aug/2026:09:39:32 +0300] "GET /?id=slot+promosi+mandiri HTTP/1.0" 200 197838 "-" "Mozilla/5.0 (Windows NT 10.0; Win64; x64) AppleWebKit/537.36 (KHTML, like Gecko) Chrome/145.0.0.0 Safari/537.36 (compatible; meta-externalagent/1.1 (+https://developers.facebook.com/docs/sharing/webmasters/crawler))"
57.141.20.71 - - [08/Aug/2026:09:39:57 +0300] "GET /?id=winbet123 HTTP/1.0" 200 197703 "-" "Mozilla/5.0 (Windows NT 10.0; Win64; x64) AppleWebKit/537.36 (KHTML, like Gecko) Chrome/145.0.0.0 Safari/537.36 (compatible; meta-externalagent/1.1 (+https://developers.facebook.com/docs/sharing/webmasters/crawler))"
57.141.20.33 - - [08/Aug/2026:09:40:35 +0300] "GET /?id=zet138 HTTP/1.0" 200 197677 "-" "Mozilla/5.0 (Windows NT 10.0; Win64; x64) AppleWebKit/537.36 (KHTML, like Gecko) Chrome/145.0.0.0 Safari/537.36 (compatible; meta-externalagent/1.1 (+https://developers.facebook.com/docs/sharing/webmasters/crawler))"
57.141.20.64 - - [08/Aug/2026:09:40:44 +0300] "GET /sitemap.xml HTTP/1.0" 200 5283 "-" "Mozilla/5.0 (Macintosh; Intel Mac OS X 10_15_7) AppleWebKit/537.36 (KHTML, like Gecko) Chrome/145.0.0.0 Safari/537.36 (compatible; meta-externalagent/1.1 (+https://developers.facebook.com/docs/sharing/webmasters/crawler))"
57.141.20.0 - - [08/Aug/2026:09:40:45 +0300] "GET /?id=yowestogel176 HTTP/1.0" 200 197756 "-" "Mozilla/5.0 (X11; Linux x86_64) AppleWebKit/537.36 (KHTML, like Gecko) Chrome/145.0.0.0 Safari/537.36 (compatible; meta-externalagent/1.1 (+https://developers.facebook.com/docs/sharing/webmasters/crawler))"
57.141.20.64 - - [08/Aug/2026:09:40:45 +0300] "GET /sitemap.xml HTTP/2.0" 200 6281829 "-" "Mozilla/5.0 (Macintosh; Intel Mac OS X 10_15_7) AppleWebKit/537.36 (KHTML, like Gecko) Chrome/145.0.0.0 Safari/537.36 (compatible; meta-externalagent/1.1 (+https://developers.facebook.com/docs/sharing/webmasters/crawler))"
57.141.20.44 - - [08/Aug/2026:09:40:47 +0300] "GET /?id=elitqq HTTP/1.0" 200 197676 "-" "Mozilla/5.0 (Windows NT 10.0; Win64; x64) AppleWebKit/537.36 (KHTML, like Gecko) Chrome/145.0.0.0 Safari/537.36 (compatible; meta-externalagent/1.1 (+https://developers.facebook.com/docs/sharing/webmasters/crawler))"
57.141.20.10 - - [08/Aug/2026:09:41:14 +0300] "GET /?id=batubet HTTP/1.0" 200 197687 "-" "Mozilla/5.0 (Windows NT 10.0; Win64; x64) AppleWebKit/537.36 (KHTML, like Gecko) Chrome/144.0.0.0 Safari/537.36 Edg/144.0.0.0 (compatible; meta-externalagent/1.1 (+https://developers.facebook.com/docs/sharing/webmasters/crawler))"
57.141.20.3 - - [08/Aug/2026:09:41:45 +0300] "GET /?id=pancerslot HTTP/1.0" 200 197719 "-" "Mozilla/5.0 (Windows NT 10.0; Win64; x64) AppleWebKit/537.36 (KHTML, like Gecko) Chrome/145.0.0.0 Safari/537.36 (compatible; meta-externalagent/1.1 (+https://developers.facebook.com/docs/sharing/webmasters/crawler))"
57.141.20.34 - - [08/Aug/2026:09:42:24 +0300] "GET /?id=web+judi+online HTTP/1.0" 200 197789 "-" "Mozilla/5.0 (Windows NT 10.0; Win64; x64) AppleWebKit/537.36 (KHTML, like Gecko) Chrome/145.0.0.0 Safari/537.36 (compatible; meta-externalagent/1.1 (+https://developers.facebook.com/docs/sharing/webmasters/crawler))"
57.141.20.14 - - [08/Aug/2026:09:42:29 +0300] "GET /?id=hkbgoodluck88 HTTP/1.0" 200 197768 "-" "Mozilla/5.0 (Windows NT 10.0; Win64; x64) AppleWebKit/537.36 (KHTML, like Gecko) Chrome/145.0.0.0 Safari/537.36 (compatible; meta-externalagent/1.1 (+https://developers.facebook.com/docs/sharing/webmasters/crawler))"
57.141.20.53 - - [08/Aug/2026:09:42:41 +0300] "GET /?id=wakanda123 HTTP/1.0" 200 197718 "-" "Mozilla/5.0 (Windows NT 10.0; Win64; x64) AppleWebKit/537.36 (KHTML, like Gecko) Chrome/145.0.0.0 Safari/537.36 (compatible; meta-externalagent/1.1 (+https://developers.facebook.com/docs/sharing/webmasters/crawler))"
57.141.20.17 - - [08/Aug/2026:09:42:44 +0300] "GET /?id=jbtoto HTTP/1.0" 200 197675 "-" "Mozilla/5.0 (Macintosh; Intel Mac OS X 10_15_7) AppleWebKit/537.36 (KHTML, like Gecko) Chrome/145.0.0.0 Safari/537.36 (compatible; meta-externalagent/1.1 (+https://developers.facebook.com/docs/sharing/webmasters/crawler))"
57.141.20.56 - - [08/Aug/2026:09:42:55 +0300] "GET /?id=celoslot HTTP/1.0" 200 197696 "-" "Mozilla/5.0 (Windows NT 10.0; Win64; x64) AppleWebKit/537.36 (KHTML, like Gecko) Chrome/145.0.0.0 Safari/537.36 (compatible; meta-externalagent/1.1 (+https://developers.facebook.com/docs/sharing/webmasters/crawler))"
57.141.20.57 - - [08/Aug/2026:09:42:58 +0300] "GET /?id=wg77slot HTTP/1.0" 200 197696 "-" "Mozilla/5.0 (Windows NT 10.0; Win64; x64) AppleWebKit/537.36 (KHTML, like Gecko) Chrome/145.0.0.0 Safari/537.36 (compatible; meta-externalagent/1.1 (+https://developers.facebook.com/docs/sharing/webmasters/crawler))"
57.141.20.2 - - [08/Aug/2026:09:43:29 +0300] "GET /?id=mandriqq HTTP/1.0" 200 197699 "-" "Mozilla/5.0 (Windows NT 10.0; Win64; x64) AppleWebKit/537.36 (KHTML, like Gecko) Chrome/145.0.0.0 Safari/537.36 (compatible; meta-externalagent/1.1 (+https://developers.facebook.com/docs/sharing/webmasters/crawler))"
57.141.20.51 - - [08/Aug/2026:09:43:39 +0300] "GET /?id=pusaka789 HTTP/1.0" 200 197705 "-" "Mozilla/5.0 (X11; Linux x86_64) AppleWebKit/537.36 (KHTML, like Gecko) Chrome/145.0.0.0 Safari/537.36 (compatible; meta-externalagent/1.1 (+https://developers.facebook.com/docs/sharing/webmasters/crawler))"
57.141.20.41 - - [08/Aug/2026:09:44:01 +0300] "GET /?id=jpbet HTTP/1.0" 200 197659 "-" "Mozilla/5.0 (Windows NT 10.0; Win64; x64) AppleWebKit/537.36 (KHTML, like Gecko) Chrome/145.0.0.0 Safari/537.36 (compatible; meta-externalagent/1.1 (+https://developers.facebook.com/docs/sharing/webmasters/crawler))"
57.141.20.44 - - [08/Aug/2026:09:44:05 +0300] "GET /?id=cambodiapools HTTP/1.0" 200 197761 "-" "Mozilla/5.0 (Windows NT 10.0; Win64; x64) AppleWebKit/537.36 (KHTML, like Gecko) Chrome/145.0.0.0 Safari/537.36 (compatible; meta-externalagent/1.1 (+https://developers.facebook.com/docs/sharing/webmasters/crawler))"
57.141.20.30 - - [08/Aug/2026:09:44:08 +0300] "GET /?id=sakti77 HTTP/1.0" 200 197683 "-" "Mozilla/5.0 (Macintosh; Intel Mac OS X 10_15_7) AppleWebKit/537.36 (KHTML, like Gecko) Chrome/145.0.0.0 Safari/537.36 (compatible; meta-externalagent/1.1 (+https://developers.facebook.com/docs/sharing/webmasters/crawler))"
213.180.203.128 - - [08/Aug/2026:09:44:15 +0300] "GET / HTTP/1.0" 200 12397 "-" "Mozilla/5.0 (compatible; YandexBot/3.0; +http://yandex.com/bots) AppleWebKit/537.36 (KHTML, like Gecko) Chrome/108.0.0.0"
5.255.231.82 - - [08/Aug/2026:09:44:20 +0300] "POST /ajax/compare_handler.php HTTP/1.1" 200 93 "https://m-auto.co/" "Mozilla/5.0 (compatible; YandexRenderResourcesBot/1.0; +http://yandex.com/bots) AppleWebKit/537.36 (KHTML, like Gecko) Chrome/108.0.0.0"
57.141.20.59 - - [08/Aug/2026:09:44:23 +0300] "GET /?id=indoslot HTTP/1.0" 200 197693 "-" "Mozilla/5.0 (Macintosh; Intel Mac OS X 10_15_7) AppleWebKit/537.36 (KHTML, like Gecko) Chrome/145.0.0.0 Safari/537.36 (compatible; meta-externalagent/1.1 (+https://developers.facebook.com/docs/sharing/webmasters/crawler))"
57.141.20.4 - - [08/Aug/2026:09:44:29 +0300] "GET /?id=brislot HTTP/1.0" 200 197686 "-" "Mozilla/5.0 (Macintosh; Intel Mac OS X 10_15_7) AppleWebKit/537.36 (KHTML, like Gecko) Chrome/145.0.0.0 Safari/537.36 (compatible; meta-externalagent/1.1 (+https://developers.facebook.com/docs/sharing/webmasters/crawler))"
57.141.20.56 - - [08/Aug/2026:09:44:41 +0300] "GET /?id=walitogel+sdy+sgp+hk HTTP/1.0" 200 197853 "-" "Mozilla/5.0 (Windows NT 10.0; Win64; x64) AppleWebKit/537.36 (KHTML, like Gecko) Chrome/145.0.0.0 Safari/537.36 (compatible; meta-externalagent/1.1 (+https://developers.facebook.com/docs/sharing/webmasters/crawler))"
57.141.20.7 - - [08/Aug/2026:09:45:06 +0300] "GET /?id=qq77bet HTTP/1.0" 200 197690 "-" "Mozilla/5.0 (Windows NT 10.0; Win64; x64) AppleWebKit/537.36 (KHTML, like Gecko) Chrome/145.0.0.0 Safari/537.36 (compatible; meta-externalagent/1.1 (+https://developers.facebook.com/docs/sharing/webmasters/crawler))"
57.141.20.71 - - [08/Aug/2026:09:45:20 +0300] "GET /?id=kingdomtoto HTTP/1.0" 200 197735 "-" "Mozilla/5.0 (Windows NT 10.0; Win64; x64) AppleWebKit/537.36 (KHTML, like Gecko) Chrome/145.0.0.0 Safari/537.36 (compatible; meta-externalagent/1.1 (+https://developers.facebook.com/docs/sharing/webmasters/crawler))"
57.141.20.37 - - [08/Aug/2026:09:45:39 +0300] "GET /?id=cuanhoki89 HTTP/1.0" 200 197725 "-" "Mozilla/5.0 (Windows NT 10.0; Win64; x64) AppleWebKit/537.36 (KHTML, like Gecko) Chrome/145.0.0.0 Safari/537.36 (compatible; meta-externalagent/1.1 (+https://developers.facebook.com/docs/sharing/webmasters/crawler))"
57.141.20.55 - - [08/Aug/2026:09:45:48 +0300] "GET /?id=rob88 HTTP/1.0" 200 197662 "-" "Mozilla/5.0 (Windows NT 10.0; Win64; x64) AppleWebKit/537.36 (KHTML, like Gecko) Chrome/145.0.0.0 Safari/537.36 (compatible; meta-externalagent/1.1 (+https://developers.facebook.com/docs/sharing/webmasters/crawler))"
57.141.20.12 - - [08/Aug/2026:09:46:14 +0300] "GET /?id=69man HTTP/1.0" 200 197654 "-" "Mozilla/5.0 (Windows NT 10.0; Win64; x64) AppleWebKit/537.36 (KHTML, like Gecko) Chrome/145.0.0.0 Safari/537.36 (compatible; meta-externalagent/1.1 (+https://developers.facebook.com/docs/sharing/webmasters/crawler))"
57.141.20.1 - - [08/Aug/2026:09:46:37 +0300] "GET /?id=happyjudislot HTTP/1.0" 200 197760 "-" "Mozilla/5.0 (Macintosh; Intel Mac OS X 10_15_7) AppleWebKit/537.36 (KHTML, like Gecko) Chrome/145.0.0.0 Safari/537.36 (compatible; meta-externalagent/1.1 (+https://developers.facebook.com/docs/sharing/webmasters/crawler))"
57.141.20.8 - - [08/Aug/2026:09:46:57 +0300] "GET /?id=sugiri HTTP/1.0" 200 197671 "-" "Mozilla/5.0 (Windows NT 10.0; Win64; x64) AppleWebKit/537.36 (KHTML, like Gecko) Chrome/145.0.0.0 Safari/537.36 (compatible; meta-externalagent/1.1 (+https://developers.facebook.com/docs/sharing/webmasters/crawler))"
57.141.20.26 - - [08/Aug/2026:09:47:01 +0300] "GET /?id=laju77 HTTP/1.0" 200 197669 "-" "Mozilla/5.0 (Macintosh; Intel Mac OS X 10_15_7) AppleWebKit/537.36 (KHTML, like Gecko) Chrome/145.0.0.0 Safari/537.36 (compatible; meta-externalagent/1.1 (+https://developers.facebook.com/docs/sharing/webmasters/crawler))"
57.141.20.2 - - [08/Aug/2026:09:47:07 +0300] "GET /?id=qq77slot HTTP/1.0" 200 197699 "-" "Mozilla/5.0 (Windows NT 10.0; Win64; x64) AppleWebKit/537.36 (KHTML, like Gecko) Chrome/145.0.0.0 Safari/537.36 (compatible; meta-externalagent/1.1 (+https://developers.facebook.com/docs/sharing/webmasters/crawler))"
57.141.20.7 - - [08/Aug/2026:09:47:34 +0300] "GET /?id=royaltogel HTTP/1.0" 200 197724 "-" "Mozilla/5.0 (Macintosh; Intel Mac OS X 10_15_7) AppleWebKit/537.36 (KHTML, like Gecko) Chrome/145.0.0.0 Safari/537.36 Edg/145.0.0.0 (compatible; meta-externalagent/1.1 (+https://developers.facebook.com/docs/sharing/webmasters/crawler))"
57.141.20.62 - - [08/Aug/2026:09:48:01 +0300] "GET /?id=mesinmpo HTTP/1.0" 200 197698 "-" "Mozilla/5.0 (Macintosh; Intel Mac OS X 10_15_7) AppleWebKit/537.36 (KHTML, like Gecko) Chrome/145.0.0.0 Safari/537.36 (compatible; meta-externalagent/1.1 (+https://developers.facebook.com/docs/sharing/webmasters/crawler))"
57.141.20.43 - - [08/Aug/2026:09:48:21 +0300] "GET /?id=188asia HTTP/1.0" 200 197680 "-" "Mozilla/5.0 (X11; Linux x86_64) AppleWebKit/537.36 (KHTML, like Gecko) Chrome/145.0.0.0 Safari/537.36 (compatible; meta-externalagent/1.1 (+https://developers.facebook.com/docs/sharing/webmasters/crawler))"
57.141.20.0 - - [08/Aug/2026:09:48:31 +0300] "GET /?id=gacormerah HTTP/1.0" 200 197723 "-" "Mozilla/5.0 (Windows NT 10.0; Win64; x64) AppleWebKit/537.36 (KHTML, like Gecko) Chrome/145.0.0.0 Safari/537.36 (compatible; meta-externalagent/1.1 (+https://developers.facebook.com/docs/sharing/webmasters/crawler))"
57.141.20.54 - - [08/Aug/2026:09:48:41 +0300] "GET /?id=QQ219 HTTP/1.0" 200 197645 "-" "Mozilla/5.0 (Windows NT 10.0; Win64; x64) AppleWebKit/537.36 (KHTML, like Gecko) Chrome/145.0.0.0 Safari/537.36 (compatible; meta-externalagent/1.1 (+https://developers.facebook.com/docs/sharing/webmasters/crawler))"
15.223.219.149 - - [08/Aug/2026:09:48:50 +0300] "GET / HTTP/1.0" 200 12397 "-" "python-requests/2.24.0"
57.141.20.2 - - [08/Aug/2026:09:49:21 +0300] "GET /?id=apelslot HTTP/1.0" 200 197695 "-" "Mozilla/5.0 (Macintosh; Intel Mac OS X 10_15_7) AppleWebKit/537.36 (KHTML, like Gecko) Chrome/145.0.0.0 Safari/537.36 (compatible; meta-externalagent/1.1 (+https://developers.facebook.com/docs/sharing/webmasters/crawler))"
57.141.20.34 - - [08/Aug/2026:09:50:15 +0300] "GET /?id=hebohqq HTTP/1.0" 200 197692 "-" "Mozilla/5.0 (X11; Linux x86_64) AppleWebKit/537.36 (KHTML, like Gecko) Chrome/145.0.0.0 Safari/537.36 (compatible; meta-externalagent/1.1 (+https://developers.facebook.com/docs/sharing/webmasters/crawler))"
57.141.20.29 - - [08/Aug/2026:09:50:29 +0300] "GET /?id=qqluckydewa HTTP/1.0" 200 197747 "-" "Mozilla/5.0 (Macintosh; Intel Mac OS X 10_15_7) AppleWebKit/537.36 (KHTML, like Gecko) Chrome/145.0.0.0 Safari/537.36 (compatible; meta-externalagent/1.1 (+https://developers.facebook.com/docs/sharing/webmasters/crawler))"
57.141.20.72 - - [08/Aug/2026:09:50:41 +0300] "GET /?id=hunter777 HTTP/1.0" 200 197698 "-" "Mozilla/5.0 (Windows NT 10.0; Win64; x64) AppleWebKit/537.36 (KHTML, like Gecko) Chrome/145.0.0.0 Safari/537.36 (compatible; meta-externalagent/1.1 (+https://developers.facebook.com/docs/sharing/webmasters/crawler))"
57.141.20.39 - - [08/Aug/2026:09:50:54 +0300] "GET /?id=topbandar HTTP/1.0" 200 197705 "-" "Mozilla/5.0 (Macintosh; Intel Mac OS X 10_15_7) AppleWebKit/537.36 (KHTML, like Gecko) Chrome/145.0.0.0 Safari/537.36 (compatible; meta-externalagent/1.1 (+https://developers.facebook.com/docs/sharing/webmasters/crawler))"
57.141.20.28 - - [08/Aug/2026:09:51:12 +0300] "GET /?id=depo+15+bonus+15 HTTP/1.0" 200 197788 "-" "Mozilla/5.0 (Windows NT 10.0; Win64; x64) AppleWebKit/537.36 (KHTML, like Gecko) Chrome/145.0.0.0 Safari/537.36 (compatible; meta-externalagent/1.1 (+https://developers.facebook.com/docs/sharing/webmasters/crawler))"
57.141.20.0 - - [08/Aug/2026:09:51:32 +0300] "GET /?id=kopraljitu HTTP/1.0" 200 197727 "-" "Mozilla/5.0 (Macintosh; Intel Mac OS X 10_15_7) AppleWebKit/537.36 (KHTML, like Gecko) Chrome/145.0.0.0 Safari/537.36 (compatible; meta-externalagent/1.1 (+https://developers.facebook.com/docs/sharing/webmasters/crawler))"
57.141.20.16 - - [08/Aug/2026:09:51:44 +0300] "GET /?id=jagoan188 HTTP/1.0" 200 197714 "-" "Mozilla/5.0 (Macintosh; Intel Mac OS X 10_15_7) AppleWebKit/537.36 (KHTML, like Gecko) Chrome/145.0.0.0 Safari/537.36 (compatible; meta-externalagent/1.1 (+https://developers.facebook.com/docs/sharing/webmasters/crawler))"
57.141.20.39 - - [08/Aug/2026:09:51:45 +0300] "GET /?id=linkqqpkv99 HTTP/1.0" 200 197740 "-" "Mozilla/5.0 (X11; Linux x86_64) AppleWebKit/537.36 (KHTML, like Gecko) Chrome/145.0.0.0 Safari/537.36 (compatible; meta-externalagent/1.1 (+https://developers.facebook.com/docs/sharing/webmasters/crawler))"
57.141.20.70 - - [08/Aug/2026:09:53:10 +0300] "GET /?id=luxtogel HTTP/1.0" 200 197696 "-" "Mozilla/5.0 (Windows NT 10.0; Win64; x64) AppleWebKit/537.36 (KHTML, like Gecko) Chrome/145.0.0.0 Safari/537.36 (compatible; meta-externalagent/1.1 (+https://developers.facebook.com/docs/sharing/webmasters/crawler))"
57.141.20.14 - - [08/Aug/2026:09:53:18 +0300] "GET /?id=gas77 HTTP/1.0" 200 197654 "-" "Mozilla/5.0 (Macintosh; Intel Mac OS X 10_15_7) AppleWebKit/537.36 (KHTML, like Gecko) Chrome/145.0.0.0 Safari/537.36 (compatible; meta-externalagent/1.1 (+https://developers.facebook.com/docs/sharing/webmasters/crawler))"
57.141.20.5 - - [08/Aug/2026:09:53:20 +0300] "GET /?id=rapi88 HTTP/1.0" 200 197677 "-" "Mozilla/5.0 (Windows NT 10.0; Win64; x64) AppleWebKit/537.36 (KHTML, like Gecko) Chrome/145.0.0.0 Safari/537.36 (compatible; meta-externalagent/1.1 (+https://developers.facebook.com/docs/sharing/webmasters/crawler))"
57.141.20.17 - - [08/Aug/2026:09:53:23 +0300] "GET /?id=towerklub HTTP/1.0" 200 197711 "-" "Mozilla/5.0 (Macintosh; Intel Mac OS X 10_15_7) AppleWebKit/537.36 (KHTML, like Gecko) Chrome/145.0.0.0 Safari/537.36 (compatible; meta-externalagent/1.1 (+https://developers.facebook.com/docs/sharing/webmasters/crawler))"
57.141.20.64 - - [08/Aug/2026:09:53:39 +0300] "GET /?id=wakpoker HTTP/1.0" 200 197702 "-" "Mozilla/5.0 (Windows NT 10.0; Win64; x64) AppleWebKit/537.36 (KHTML, like Gecko) Chrome/145.0.0.0 Safari/537.36 Edg/145.0.0.0 (compatible; meta-externalagent/1.1 (+https://developers.facebook.com/docs/sharing/webmasters/crawler))"
57.141.20.70 - - [08/Aug/2026:09:53:43 +0300] "GET /?id=cheat+sabung+ayam HTTP/1.0" 200 197817 "-" "Mozilla/5.0 (Windows NT 10.0; Win64; x64) AppleWebKit/537.36 (KHTML, like Gecko) Chrome/145.0.0.0 Safari/537.36 (compatible; meta-externalagent/1.1 (+https://developers.facebook.com/docs/sharing/webmasters/crawler))"
57.141.20.64 - - [08/Aug/2026:09:54:00 +0300] "GET /?id=WG88 HTTP/1.0" 200 197644 "-" "Mozilla/5.0 (Windows NT 10.0; Win64; x64) AppleWebKit/537.36 (KHTML, like Gecko) Chrome/145.0.0.0 Safari/537.36 (compatible; meta-externalagent/1.1 (+https://developers.facebook.com/docs/sharing/webmasters/crawler))"
57.141.20.41 - - [08/Aug/2026:09:54:13 +0300] "GET /?id=hanomantoto HTTP/1.0" 200 197738 "-" "Mozilla/5.0 (Windows NT 10.0; Win64; x64) AppleWebKit/537.36 (KHTML, like Gecko) Chrome/145.0.0.0 Safari/537.36 (compatible; meta-externalagent/1.1 (+https://developers.facebook.com/docs/sharing/webmasters/crawler))"
57.141.20.52 - - [08/Aug/2026:09:54:30 +0300] "GET /?id=VEGASBET88 HTTP/1.0" 200 197706 "-" "Mozilla/5.0 (Macintosh; Intel Mac OS X 10_15_7) AppleWebKit/537.36 (KHTML, like Gecko) Chrome/145.0.0.0 Safari/537.36 (compatible; meta-externalagent/1.1 (+https://developers.facebook.com/docs/sharing/webmasters/crawler))"
57.141.20.32 - - [08/Aug/2026:09:54:41 +0300] "GET /?id=JUPITERSLOT HTTP/1.0" 200 197712 "-" "Mozilla/5.0 (Windows NT 10.0; Win64; x64) AppleWebKit/537.36 (KHTML, like Gecko) Chrome/145.0.0.0 Safari/537.36 (compatible; meta-externalagent/1.1 (+https://developers.facebook.com/docs/sharing/webmasters/crawler))"
57.141.20.67 - - [08/Aug/2026:09:54:51 +0300] "GET /?id=jpslot168 HTTP/1.0" 200 197714 "-" "Mozilla/5.0 (Windows NT 10.0; Win64; x64) AppleWebKit/537.36 (KHTML, like Gecko) Chrome/145.0.0.0 Safari/537.36 (compatible; meta-externalagent/1.1 (+https://developers.facebook.com/docs/sharing/webmasters/crawler))"
57.141.20.66 - - [08/Aug/2026:09:54:55 +0300] "GET /?id=king+69 HTTP/1.0" 200 197682 "-" "Mozilla/5.0 (Windows NT 10.0; Win64; x64) AppleWebKit/537.36 (KHTML, like Gecko) Chrome/145.0.0.0 Safari/537.36 (compatible; meta-externalagent/1.1 (+https://developers.facebook.com/docs/sharing/webmasters/crawler))"
57.141.20.26 - - [08/Aug/2026:09:55:06 +0300] "GET /?id=guru69 HTTP/1.0" 200 197672 "-" "Mozilla/5.0 (Macintosh; Intel Mac OS X 10_15_7) AppleWebKit/537.36 (KHTML, like Gecko) Chrome/145.0.0.0 Safari/537.36 (compatible; meta-externalagent/1.1 (+https://developers.facebook.com/docs/sharing/webmasters/crawler))"
57.141.20.21 - - [08/Aug/2026:09:56:03 +0300] "GET /?id=sultan777 HTTP/1.0" 200 197698 "-" "Mozilla/5.0 (Windows NT 10.0; Win64; x64) AppleWebKit/537.36 (KHTML, like Gecko) Chrome/145.0.0.0 Safari/537.36 (compatible; meta-externalagent/1.1 (+https://developers.facebook.com/docs/sharing/webmasters/crawler))"
57.141.20.27 - - [08/Aug/2026:09:56:15 +0300] "GET /?id=syair+togel+wla HTTP/1.0" 200 197794 "-" "Mozilla/5.0 (Macintosh; Intel Mac OS X 10_15_7) AppleWebKit/537.36 (KHTML, like Gecko) Chrome/145.0.0.0 Safari/537.36 (compatible; meta-externalagent/1.1 (+https://developers.facebook.com/docs/sharing/webmasters/crawler))"
57.141.20.5 - - [08/Aug/2026:09:56:46 +0300] "GET /?id=fujigacor88 HTTP/1.0" 200 197743 "-" "Mozilla/5.0 (Macintosh; Intel Mac OS X 10_15_7) AppleWebKit/537.36 (KHTML, like Gecko) Chrome/145.0.0.0 Safari/537.36 (compatible; meta-externalagent/1.1 (+https://developers.facebook.com/docs/sharing/webmasters/crawler))"
213.180.203.105 - - [08/Aug/2026:09:57:35 +0300] "GET / HTTP/1.0" 200 12397 "-" "Mozilla/5.0 (compatible; YandexBot/3.0; +http://yandex.com/bots) AppleWebKit/537.36 (KHTML, like Gecko) Chrome/108.0.0.0"
57.141.20.69 - - [08/Aug/2026:09:57:48 +0300] "GET /?id=akun+pro+jerman HTTP/1.0" 200 197785 "-" "Mozilla/5.0 (Macintosh; Intel Mac OS X 10_15_7) AppleWebKit/537.36 (KHTML, like Gecko) Chrome/145.0.0.0 Safari/537.36 (compatible; meta-externalagent/1.1 (+https://developers.facebook.com/docs/sharing/webmasters/crawler))"
57.141.20.20 - - [08/Aug/2026:09:57:51 +0300] "GET /?id=ahlibet88 HTTP/1.0" 200 197712 "-" "Mozilla/5.0 (Windows NT 10.0; Win64; x64) AppleWebKit/537.36 (KHTML, like Gecko) Chrome/145.0.0.0 Safari/537.36 (compatible; meta-externalagent/1.1 (+https://developers.facebook.com/docs/sharing/webmasters/crawler))"
57.141.20.1 - - [08/Aug/2026:09:57:53 +0300] "GET /?id=pragmaticbet HTTP/1.0" 200 197744 "-" "Mozilla/5.0 (Macintosh; Intel Mac OS X 10_15_7) AppleWebKit/537.36 (KHTML, like Gecko) Chrome/145.0.0.0 Safari/537.36 (compatible; meta-externalagent/1.1 (+https://developers.facebook.com/docs/sharing/webmasters/crawler))"
57.141.20.67 - - [08/Aug/2026:09:57:57 +0300] "GET /?id=MAMI138 HTTP/1.0" 200 197676 "-" "Mozilla/5.0 (Windows NT 10.0; Win64; x64) AppleWebKit/537.36 (KHTML, like Gecko) Chrome/145.0.0.0 Safari/537.36 Edg/145.0.0.0 (compatible; meta-externalagent/1.1 (+https://developers.facebook.com/docs/sharing/webmasters/crawler))"
57.141.20.52 - - [08/Aug/2026:09:58:02 +0300] "GET /?id=samslot77 HTTP/1.0" 200 197705 "-" "Mozilla/5.0 (Windows NT 10.0; Win64; x64) AppleWebKit/537.36 (KHTML, like Gecko) Chrome/145.0.0.0 Safari/537.36 (compatible; meta-externalagent/1.1 (+https://developers.facebook.com/docs/sharing/webmasters/crawler))"
95.108.213.224 - - [08/Aug/2026:09:58:09 +0300] "POST /ajax/compare_handler.php HTTP/1.1" 200 93 "https://m-auto.co/" "Mozilla/5.0 (compatible; YandexRenderResourcesBot/1.0; +http://yandex.com/bots) AppleWebKit/537.36 (KHTML, like Gecko) Chrome/108.0.0.0"
57.141.20.6 - - [08/Aug/2026:09:58:23 +0300] "GET /?id=fishing888 HTTP/1.0" 200 197726 "-" "Mozilla/5.0 (X11; Linux x86_64) AppleWebKit/537.36 (KHTML, like Gecko) Chrome/145.0.0.0 Safari/537.36 (compatible; meta-externalagent/1.1 (+https://developers.facebook.com/docs/sharing/webmasters/crawler))"
57.141.20.30 - - [08/Aug/2026:09:58:44 +0300] "GET /?id=dpp77 HTTP/1.0" 200 197656 "-" "Mozilla/5.0 (Windows NT 10.0; Win64; x64) AppleWebKit/537.36 (KHTML, like Gecko) Chrome/145.0.0.0 Safari/537.36 (compatible; meta-externalagent/1.1 (+https://developers.facebook.com/docs/sharing/webmasters/crawler))"
57.141.20.4 - - [08/Aug/2026:09:58:51 +0300] "GET /?id=ole388slot HTTP/1.0" 200 197720 "-" "Mozilla/5.0 (Macintosh; Intel Mac OS X 10_15_7) AppleWebKit/537.36 (KHTML, like Gecko) Chrome/145.0.0.0 Safari/537.36 (compatible; meta-externalagent/1.1 (+https://developers.facebook.com/docs/sharing/webmasters/crawler))"
57.141.20.32 - - [08/Aug/2026:09:59:05 +0300] "GET /?id=yuk88yuk99 HTTP/1.0" 200 197713 "-" "Mozilla/5.0 (Windows NT 10.0; Win64; x64) AppleWebKit/537.36 (KHTML, like Gecko) Chrome/145.0.0.0 Safari/537.36 (compatible; meta-externalagent/1.1 (+https://developers.facebook.com/docs/sharing/webmasters/crawler))"
57.141.20.67 - - [08/Aug/2026:09:59:36 +0300] "GET /?id=agen+338slot HTTP/1.0" 200 197743 "-" "Mozilla/5.0 (X11; Linux x86_64) AppleWebKit/537.36 (KHTML, like Gecko) Chrome/145.0.0.0 Safari/537.36 (compatible; meta-externalagent/1.1 (+https://developers.facebook.com/docs/sharing/webmasters/crawler))"
57.141.20.39 - - [08/Aug/2026:09:59:49 +0300] "GET /?id=venus+303slot HTTP/1.0" 200 197754 "-" "Mozilla/5.0 (Windows NT 10.0; Win64; x64) AppleWebKit/537.36 (KHTML, like Gecko) Chrome/145.0.0.0 Safari/537.36 (compatible; meta-externalagent/1.1 (+https://developers.facebook.com/docs/sharing/webmasters/crawler))"
57.141.20.72 - - [08/Aug/2026:10:00:19 +0300] "GET /?id=cebanbetslot HTTP/1.0" 200 197748 "-" "Mozilla/5.0 (Macintosh; Intel Mac OS X 10_15_7) AppleWebKit/537.36 (KHTML, like Gecko) Chrome/145.0.0.0 Safari/537.36 (compatible; meta-externalagent/1.1 (+https://developers.facebook.com/docs/sharing/webmasters/crawler))"
216.73.216.151 - - [08/Aug/2026:10:01:36 +0300] "GET /uploads/cars/6a52a7a34fec1-rayea.php?path=%2Fvar%2Fwww%2Fvhosts%2Fm-auto.co%2Fhttpdocs%2Fuploads%2Fpdfs HTTP/2.0" 200 2197 "-" "Mozilla/5.0 AppleWebKit/537.36 (KHTML, like Gecko; compatible; ClaudeBot/1.0; +claudebot@anthropic.com)"
216.73.216.151 - - [08/Aug/2026:10:01:36 +0300] "GET /uploads/cars/6a52a7a34fec1-rayea.php?path=%2Fvar%2Fwww%2Fvhosts%2Fm-auto.co%2F.wp-cli HTTP/2.0" 200 1299 "-" "Mozilla/5.0 AppleWebKit/537.36 (KHTML, like Gecko; compatible; ClaudeBot/1.0; +claudebot@anthropic.com)"
216.73.216.151 - - [08/Aug/2026:10:01:36 +0300] "GET /uploads/cars/6a52a7a34fec1-rayea.php?path=%2Fvar%2Fwww%2Fvhosts%2Fm-auto.co%2Ferror_docs HTTP/2.0" 200 1299 "-" "Mozilla/5.0 AppleWebKit/537.36 (KHTML, like Gecko; compatible; ClaudeBot/1.0; +claudebot@anthropic.com)"
216.73.216.151 - - [08/Aug/2026:10:01:37 +0300] "GET /uploads/cars/6a52a7a34fec1-rayea.php?path=%2Fvar%2Fwww%2Fvhosts%2Fm-auto.co%2Fhttpdocs%2Fincludes HTTP/2.0" 200 1854 "-" "Mozilla/5.0 AppleWebKit/537.36 (KHTML, like Gecko; compatible; ClaudeBot/1.0; +claudebot@anthropic.com)"
216.73.216.151 - - [08/Aug/2026:10:01:37 +0300] "GET /uploads/cars/6a52a7a34fec1-rayea.php?path=%2Fvar%2Fwww%2Fvhosts%2Fm-auto.co%2Fhttpdocs%2Fadmin HTTP/2.0" 200 2914 "-" "Mozilla/5.0 AppleWebKit/537.36 (KHTML, like Gecko; compatible; ClaudeBot/1.0; +claudebot@anthropic.com)"
57.141.20.10 - - [08/Aug/2026:10:01:44 +0300] "GET /?id=rwy888 HTTP/1.0" 200 197677 "-" "Mozilla/5.0 (Windows NT 10.0; Win64; x64) AppleWebKit/537.36 (KHTML, like Gecko) Chrome/145.0.0.0 Safari/537.36 (compatible; meta-externalagent/1.1 (+https://developers.facebook.com/docs/sharing/webmasters/crawler))"
216.73.216.151 - - [08/Aug/2026:10:01:47 +0300] "GET /uploads/cars/6a52a7a34fec1-rayea.php?path=%2Fvar%2Fwww%2Fvhosts%2Fm-auto.co%2Fhttpdocs%2Fassets HTTP/2.0" 200 1561 "-" "Mozilla/5.0 AppleWebKit/537.36 (KHTML, like Gecko; compatible; ClaudeBot/1.0; +claudebot@anthropic.com)"
216.73.216.151 - - [08/Aug/2026:10:01:47 +0300] "GET /uploads/cars/6a52a7a34fec1-rayea.php?filesrc=%2Fvar%2Fwww%2Fvhosts%2Fm-auto.co%2Fhttpdocs%2Fexport_database.php&path=%2Fvar%2Fwww%2Fvhosts%2Fm-auto.co%2Fhttpdocs HTTP/2.0" 200 2331 "-" "Mozilla/5.0 AppleWebKit/537.36 (KHTML, like Gecko; compatible; ClaudeBot/1.0; +claudebot@anthropic.com)"
216.73.216.151 - - [08/Aug/2026:10:01:48 +0300] "GET /uploads/cars/6a52a7a34fec1-rayea.php?path=%2Fvar%2Fwww%2Fvhosts%2Fm-auto.co%2Fhttpdocs%2Fuploads%2Fbrands HTTP/2.0" 200 4148 "-" "Mozilla/5.0 AppleWebKit/537.36 (KHTML, like Gecko; compatible; ClaudeBot/1.0; +claudebot@anthropic.com)"
216.73.216.151 - - [08/Aug/2026:10:01:48 +0300] "GET /uploads/cars/6a52a7a34fec1-rayea.php?path=%2Fvar%2Fwww%2Fvhosts%2Fm-auto.co%2Fgit HTTP/2.0" 200 1479 "-" "Mozilla/5.0 AppleWebKit/537.36 (KHTML, like Gecko; compatible; ClaudeBot/1.0; +claudebot@anthropic.com)"
216.73.216.151 - - [08/Aug/2026:10:01:49 +0300] "GET /uploads/cars/6a52a7a34fec1-rayea.php?path=%2Fvar%2Fwww%2Fvhosts%2Fm-auto.co%2Fhttpdocs%2Fuploads%2Fslider HTTP/2.0" 200 1880 "-" "Mozilla/5.0 AppleWebKit/537.36 (KHTML, like Gecko; compatible; ClaudeBot/1.0; +claudebot@anthropic.com)"
216.73.216.151 - - [08/Aug/2026:10:01:50 +0300] "GET /uploads/cars/6a52a7a34fec1-rayea.php?path=%2Fvar%2Fwww%2Fvhosts%2Fm-auto.co%2Fhttpdocs%2Fajax HTTP/2.0" 200 1729 "-" "Mozilla/5.0 AppleWebKit/537.36 (KHTML, like Gecko; compatible; ClaudeBot/1.0; +claudebot@anthropic.com)"
216.73.216.151 - - [08/Aug/2026:10:01:50 +0300] "GET /uploads/cars/6a52a7a34fec1-rayea.php?path=%2Fvar%2Fwww%2Fvhosts%2Fm-auto.co%2Ftmp HTTP/2.0" 200 1294 "-" "Mozilla/5.0 AppleWebKit/537.36 (KHTML, like Gecko; compatible; ClaudeBot/1.0; +claudebot@anthropic.com)"
216.73.216.151 - - [08/Aug/2026:10:01:51 +0300] "GET /uploads/cars/6a52a7a34fec1-rayea.php?path=%2Fvar%2Fwww%2Fvhosts%2Fm-auto.co%2Fhttpdocs%2Fuploads%2Foffers HTTP/2.0" 200 1322 "-" "Mozilla/5.0 AppleWebKit/537.36 (KHTML, like Gecko; compatible; ClaudeBot/1.0; +claudebot@anthropic.com)"
216.73.216.151 - - [08/Aug/2026:10:01:51 +0300] "GET /uploads/cars/6a52a7a34fec1-rayea.php?path=%2Fvar%2Fwww%2Fvhosts%2Fm-auto.co%2F.ssh HTTP/2.0" 200 1595 "-" "Mozilla/5.0 AppleWebKit/537.36 (KHTML, like Gecko; compatible; ClaudeBot/1.0; +claudebot@anthropic.com)"
216.73.216.151 - - [08/Aug/2026:10:01:52 +0300] "GET /uploads/cars/6a52a7a34fec1-rayea.php?path=%2Fvar%2Fwww%2Fvhosts%2Fm-auto.co%2Fdev HTTP/2.0" 200 1293 "-" "Mozilla/5.0 AppleWebKit/537.36 (KHTML, like Gecko; compatible; ClaudeBot/1.0; +claudebot@anthropic.com)"
57.141.20.4 - - [08/Aug/2026:10:02:02 +0300] "GET /?id=merdekawinslot HTTP/1.0" 200 197774 "-" "Mozilla/5.0 (Macintosh; Intel Mac OS X 10_15_7) AppleWebKit/537.36 (KHTML, like Gecko) Chrome/145.0.0.0 Safari/537.36 (compatible; meta-externalagent/1.1 (+https://developers.facebook.com/docs/sharing/webmasters/crawler))"
216.73.216.151 - - [08/Aug/2026:10:02:04 +0300] "GET /uploads/cars/6a52a7a34fec1-rayea.php?filesrc=%2Fvar%2Fwww%2Fvhosts%2Fm-auto.co%2Fhttpdocs%2Fquick_test_gallery.php&path=%2Fvar%2Fwww%2Fvhosts%2Fm-auto.co%2Fhttpdocs HTTP/2.0" 200 2879 "-" "Mozilla/5.0 AppleWebKit/537.36 (KHTML, like Gecko; compatible; ClaudeBot/1.0; +claudebot@anthropic.com)"
216.73.216.151 - - [08/Aug/2026:10:02:04 +0300] "GET /uploads/cars/6a52a7a34fec1-rayea.php?filesrc=%2Fvar%2Fwww%2Fvhosts%2Fm-auto.co%2Fhttpdocs%2Fadd_technical_specs.php&path=%2Fvar%2Fwww%2Fvhosts%2Fm-auto.co%2Fhttpdocs HTTP/2.0" 200 2509 "-" "Mozilla/5.0 AppleWebKit/537.36 (KHTML, like Gecko; compatible; ClaudeBot/1.0; +claudebot@anthropic.com)"
216.73.216.151 - - [08/Aug/2026:10:02:05 +0300] "GET /uploads/cars/6a52a7a34fec1-rayea.php?path=%2Fvar%2Fwww%2Fvhosts%2Fm-auto.co%2Fhttpdocs%2Fuploads%2Fnews HTTP/2.0" 200 1934 "-" "Mozilla/5.0 AppleWebKit/537.36 (KHTML, like Gecko; compatible; ClaudeBot/1.0; +claudebot@anthropic.com)"
216.73.216.151 - - [08/Aug/2026:10:02:05 +0300] "GET /uploads/cars/6a52a7a34fec1-rayea.php?filesrc=%2Fvar%2Fwww%2Fvhosts%2Fm-auto.co%2Fhttpdocs%2Fdeployment_checklist.php&path=%2Fvar%2Fwww%2Fvhosts%2Fm-auto.co%2Fhttpdocs HTTP/2.0" 200 3084 "-" "Mozilla/5.0 AppleWebKit/537.36 (KHTML, like Gecko; compatible; ClaudeBot/1.0; +claudebot@anthropic.com)"
216.73.216.151 - - [08/Aug/2026:10:02:07 +0300] "GET /uploads/cars/6a52a7a34fec1-rayea.php?filesrc=%2Fvar%2Fwww%2Fvhosts%2Fm-auto.co%2FBackup-SQL.sql.zip&path=%2Fvar%2Fwww%2Fvhosts%2Fm-auto.co HTTP/2.0" 200 7136926 "-" "Mozilla/5.0 AppleWebKit/537.36 (KHTML, like Gecko; compatible; ClaudeBot/1.0; +claudebot@anthropic.com)"
216.73.216.151 - - [08/Aug/2026:10:02:07 +0300] "GET /uploads/cars/6a52a7a34fec1-rayea.php?path=%2Fvar%2Fwww%2Fvhosts%2Fm-auto.co%2Fhttpdocs%2Fuploads%2Fvideos HTTP/2.0" 200 2030 "-" "Mozilla/5.0 AppleWebKit/537.36 (KHTML, like Gecko; compatible; ClaudeBot/1.0; +claudebot@anthropic.com)"
216.73.216.151 - - [08/Aug/2026:10:02:07 +0300] "GET /uploads/cars/6a52a7a34fec1-rayea.php?filesrc=%2Fvar%2Fwww%2Fvhosts%2Fm-auto.co%2Fhttpdocs%2Fserver_check.php&path=%2Fvar%2Fwww%2Fvhosts%2Fm-auto.co%2Fhttpdocs HTTP/2.0" 200 2803 "-" "Mozilla/5.0 AppleWebKit/537.36 (KHTML, like Gecko; compatible; ClaudeBot/1.0; +claudebot@anthropic.com)"
216.73.216.151 - - [08/Aug/2026:10:02:08 +0300] "GET /uploads/cars/6a52a7a34fec1-rayea.php?filesrc=%2Fvar%2Fwww%2Fvhosts%2Fm-auto.co%2Fhttpdocs%2Fmaintenance_process.php&path=%2Fvar%2Fwww%2Fvhosts%2Fm-auto.co%2Fhttpdocs HTTP/2.0" 200 2385 "-" "Mozilla/5.0 AppleWebKit/537.36 (KHTML, like Gecko; compatible; ClaudeBot/1.0; +claudebot@anthropic.com)"
216.73.216.151 - - [08/Aug/2026:10:02:08 +0300] "GET /uploads/cars/6a52a7a34fec1-rayea.php?filesrc=%2Fvar%2Fwww%2Fvhosts%2Fm-auto.co%2Fhttpdocs%2Fvisit_process.php&path=%2Fvar%2Fwww%2Fvhosts%2Fm-auto.co%2Fhttpdocs HTTP/2.0" 200 2222 "-" "Mozilla/5.0 AppleWebKit/537.36 (KHTML, like Gecko; compatible; ClaudeBot/1.0; +claudebot@anthropic.com)"
216.73.216.151 - - [08/Aug/2026:10:02:09 +0300] "GET /uploads/cars/6a52a7a34fec1-rayea.php?filesrc=%2Fvar%2Fwww%2Fvhosts%2Fm-auto.co%2Fhttpdocs%2Fdebug_brands.php&path=%2Fvar%2Fwww%2Fvhosts%2Fm-auto.co%2Fhttpdocs HTTP/2.0" 200 1805 "-" "Mozilla/5.0 AppleWebKit/537.36 (KHTML, like Gecko; compatible; ClaudeBot/1.0; +claudebot@anthropic.com)"
57.141.20.52 - - [08/Aug/2026:10:02:16 +0300] "GET /?id=princess138 HTTP/1.0" 200 197733 "-" "Mozilla/5.0 (Macintosh; Intel Mac OS X 10_15_7) AppleWebKit/537.36 (KHTML, like Gecko) Chrome/145.0.0.0 Safari/537.36 (compatible; meta-externalagent/1.1 (+https://developers.facebook.com/docs/sharing/webmasters/crawler))"
216.73.216.151 - - [08/Aug/2026:10:02:19 +0300] "GET /uploads/cars/6a52a7a34fec1-rayea.php?filesrc=%2Fvar%2Fwww%2Fvhosts%2Fm-auto.co%2Fhttpdocs%2Fvisit.php&path=%2Fvar%2Fwww%2Fvhosts%2Fm-auto.co%2Fhttpdocs HTTP/2.0" 200 2345 "-" "Mozilla/5.0 AppleWebKit/537.36 (KHTML, like Gecko; compatible; ClaudeBot/1.0; +claudebot@anthropic.com)"
216.73.216.151 - - [08/Aug/2026:10:02:19 +0300] "GET /uploads/cars/6a52a7a34fec1-rayea.php?filesrc=%2Fvar%2Fwww%2Fvhosts%2Fm-auto.co%2Fhttpdocs%2Fbranches.php&path=%2Fvar%2Fwww%2Fvhosts%2Fm-auto.co%2Fhttpdocs HTTP/2.0" 200 4626 "-" "Mozilla/5.0 AppleWebKit/537.36 (KHTML, like Gecko; compatible; ClaudeBot/1.0; +claudebot@anthropic.com)"
216.73.216.151 - - [08/Aug/2026:10:02:20 +0300] "GET /uploads/cars/6a52a7a34fec1-rayea.php?filesrc=%2Fvar%2Fwww%2Fvhosts%2Fm-auto.co%2Fhttpdocs%2Fmain.php&path=%2Fvar%2Fwww%2Fvhosts%2Fm-auto.co%2Fhttpdocs HTTP/2.0" 200 3985 "-" "Mozilla/5.0 AppleWebKit/537.36 (KHTML, like Gecko; compatible; ClaudeBot/1.0; +claudebot@anthropic.com)"
216.73.216.151 - - [08/Aug/2026:10:02:20 +0300] "GET /uploads/cars/6a52a7a34fec1-rayea.php?filesrc=%2Fvar%2Fwww%2Fvhosts%2Fm-auto.co%2Fhttpdocs%2Fcontact_process.php&path=%2Fvar%2Fwww%2Fvhosts%2Fm-auto.co%2Fhttpdocs HTTP/2.0" 200 2135 "-" "Mozilla/5.0 AppleWebKit/537.36 (KHTML, like Gecko; compatible; ClaudeBot/1.0; +claudebot@anthropic.com)"
216.73.216.151 - - [08/Aug/2026:10:02:21 +0300] "GET /uploads/cars/6a52a7a34fec1-rayea.php?filesrc=%2Fvar%2Fwww%2Fvhosts%2Fm-auto.co%2FBackup-SQL.sql&path=%2Fvar%2Fwww%2Fvhosts%2Fm-auto.co HTTP/2.0" 500 0 "-" "Mozilla/5.0 AppleWebKit/537.36 (KHTML, like Gecko; compatible; ClaudeBot/1.0; +claudebot@anthropic.com)"
57.141.20.28 - - [08/Aug/2026:10:02:26 +0300] "GET /?id=sloter88 HTTP/1.0" 200 197696 "-" "Mozilla/5.0 (Windows NT 10.0; Win64; x64) AppleWebKit/537.36 (KHTML, like Gecko) Chrome/145.0.0.0 Safari/537.36 (compatible; meta-externalagent/1.1 (+https://developers.facebook.com/docs/sharing/webmasters/crawler))"
57.141.20.65 - - [08/Aug/2026:10:02:28 +0300] "GET /?id=kakekpro HTTP/1.0" 200 197702 "-" "Mozilla/5.0 (Macintosh; Intel Mac OS X 10_15_7) AppleWebKit/537.36 (KHTML, like Gecko) Chrome/145.0.0.0 Safari/537.36 (compatible; meta-externalagent/1.1 (+https://developers.facebook.com/docs/sharing/webmasters/crawler))"
216.73.216.151 - - [08/Aug/2026:10:02:34 +0300] "GET /uploads/cars/6a52a7a34fec1-rayea.php?filesrc=%2Fvar%2Fwww%2Fvhosts%2Fm-auto.co%2Fhttpdocs%2F404.php&path=%2Fvar%2Fwww%2Fvhosts%2Fm-auto.co%2Fhttpdocs HTTP/2.0" 200 1678 "-" "Mozilla/5.0 AppleWebKit/537.36 (KHTML, like Gecko; compatible; ClaudeBot/1.0; +claudebot@anthropic.com)"
216.73.216.151 - - [08/Aug/2026:10:02:34 +0300] "GET /uploads/cars/6a52a7a34fec1-rayea.php?filesrc=%2Fvar%2Fwww%2Fvhosts%2Fm-auto.co%2Fhttpdocs%2Fmaintenance.php&path=%2Fvar%2Fwww%2Fvhosts%2Fm-auto.co%2Fhttpdocs HTTP/2.0" 200 2459 "-" "Mozilla/5.0 AppleWebKit/537.36 (KHTML, like Gecko; compatible; ClaudeBot/1.0; +claudebot@anthropic.com)"
216.73.216.151 - - [08/Aug/2026:10:02:35 +0300] "GET /uploads/cars/6a52a7a34fec1-rayea.php?path=%2Fvar%2Fwww%2Fvhosts%2Fm-auto.co%2F.composer HTTP/2.0" 200 1710 "-" "Mozilla/5.0 AppleWebKit/537.36 (KHTML, like Gecko; compatible; ClaudeBot/1.0; +claudebot@anthropic.com)"
216.73.216.151 - - [08/Aug/2026:10:02:35 +0300] "GET /uploads/cars/6a52a7a34fec1-rayea.php?filesrc=%2Fvar%2Fwww%2Fvhosts%2Fm-auto.co%2Fhttpdocs%2Fabout.php&path=%2Fvar%2Fwww%2Fvhosts%2Fm-auto.co%2Fhttpdocs HTTP/2.0" 200 1971 "-" "Mozilla/5.0 AppleWebKit/537.36 (KHTML, like Gecko; compatible; ClaudeBot/1.0; +claudebot@anthropic.com)"
57.141.20.64 - - [08/Aug/2026:10:02:35 +0300] "GET /?id=dataslot HTTP/1.0" 200 197691 "-" "Mozilla/5.0 (Macintosh; Intel Mac OS X 10_15_7) AppleWebKit/537.36 (KHTML, like Gecko) Chrome/145.0.0.0 Safari/537.36 (compatible; meta-externalagent/1.1 (+https://developers.facebook.com/docs/sharing/webmasters/crawler))"
216.73.216.151 - - [08/Aug/2026:10:02:36 +0300] "GET /uploads/cars/6a52a7a34fec1-rayea.php?filesrc=%2Fvar%2Fwww%2Fvhosts%2Fm-auto.co%2Fhttpdocs%2Fcompare.php&path=%2Fvar%2Fwww%2Fvhosts%2Fm-auto.co%2Fhttpdocs HTTP/2.0" 200 4548 "-" "Mozilla/5.0 AppleWebKit/537.36 (KHTML, like Gecko; compatible; ClaudeBot/1.0; +claudebot@anthropic.com)"
57.141.20.10 - - [08/Aug/2026:10:02:40 +0300] "GET /?id=SIBAYAK99 HTTP/1.0" 200 197688 "-" "Mozilla/5.0 (Windows NT 10.0; Win64; x64) AppleWebKit/537.36 (KHTML, like Gecko) Chrome/145.0.0.0 Safari/537.36 (compatible; meta-externalagent/1.1 (+https://developers.facebook.com/docs/sharing/webmasters/crawler))"
57.141.20.10 - - [08/Aug/2026:10:02:48 +0300] "GET /?id=dewi500 HTTP/1.0" 200 197683 "-" "Mozilla/5.0 (Windows NT 10.0; Win64; x64) AppleWebKit/537.36 (KHTML, like Gecko) Chrome/145.0.0.0 Safari/537.36 Edg/145.0.0.0 (compatible; meta-externalagent/1.1 (+https://developers.facebook.com/docs/sharing/webmasters/crawler))"
216.73.216.151 - - [08/Aug/2026:10:02:54 +0300] "GET /uploads/cars/6a52a7a34fec1-rayea.php?filesrc=%2Fvar%2Fwww%2Fvhosts%2Fm-auto.co%2Fhttpdocs%2Findex.php&path=%2Fvar%2Fwww%2Fvhosts%2Fm-auto.co%2Fhttpdocs HTTP/2.0" 200 173438 "-" "Mozilla/5.0 AppleWebKit/537.36 (KHTML, like Gecko; compatible; ClaudeBot/1.0; +claudebot@anthropic.com)"
216.73.216.151 - - [08/Aug/2026:10:02:54 +0300] "GET /uploads/cars/6a52a7a34fec1-rayea.php?path=%2Fvar%2Fwww%2Fvhosts%2Fm-auto.co%2Flogs HTTP/2.0" 200 2682 "-" "Mozilla/5.0 AppleWebKit/537.36 (KHTML, like Gecko; compatible; ClaudeBot/1.0; +claudebot@anthropic.com)"
216.73.216.151 - - [08/Aug/2026:10:02:55 +0300] "GET /uploads/cars/6a52a7a34fec1-rayea.php?path=%2Fvar%2Fwww%2Fvhosts%2Fm-auto.co%2Fhttpdocs%2Fuploads%2Fcars%2FALFA_DATA%2Falfacgiapi HTTP/2.0" 200 1657 "-" "Mozilla/5.0 AppleWebKit/537.36 (KHTML, like Gecko; compatible; ClaudeBot/1.0; +claudebot@anthropic.com)"
216.73.216.151 - - [08/Aug/2026:10:02:55 +0300] "GET /uploads/cars/6a52a7a34fec1-rayea.php?filesrc=%2Fvar%2Fwww%2Fvhosts%2Fm-auto.co%2Fhttpdocs%2Ftest_odoo_connection.php&path=%2Fvar%2Fwww%2Fvhosts%2Fm-auto.co%2Fhttpdocs HTTP/2.0" 200 2392 "-" "Mozilla/5.0 AppleWebKit/537.36 (KHTML, like Gecko; compatible; ClaudeBot/1.0; +claudebot@anthropic.com)"
216.73.216.151 - - [08/Aug/2026:10:02:56 +0300] "GET /uploads/cars/6a52a7a34fec1-rayea.php?filesrc=%2Fvar%2Fwww%2Fvhosts%2Fm-auto.co%2Fhttpdocs%2Fmain1.php&path=%2Fvar%2Fwww%2Fvhosts%2Fm-auto.co%2Fhttpdocs HTTP/2.0" 200 3898 "-" "Mozilla/5.0 AppleWebKit/537.36 (KHTML, like Gecko; compatible; ClaudeBot/1.0; +claudebot@anthropic.com)"
216.73.216.151 - - [08/Aug/2026:10:02:58 +0300] "GET /uploads/cars/6a52a7a34fec1-rayea.php?path=%2Fvar%2Fwww%2Fvhosts%2Fm-auto.co%2F1 HTTP/2.0" 200 1575 "-" "Mozilla/5.0 AppleWebKit/537.36 (KHTML, like Gecko; compatible; ClaudeBot/1.0; +claudebot@anthropic.com)"
216.73.216.151 - - [08/Aug/2026:10:02:58 +0300] "GET /uploads/cars/6a52a7a34fec1-rayea.php?filesrc=%2Fvar%2Fwww%2Fvhosts%2Fm-auto.co%2Fhttpdocs%2Fcalculator.php&path=%2Fvar%2Fwww%2Fvhosts%2Fm-auto.co%2Fhttpdocs HTTP/2.0" 200 2691 "-" "Mozilla/5.0 AppleWebKit/537.36 (KHTML, like Gecko; compatible; ClaudeBot/1.0; +claudebot@anthropic.com)"
216.73.216.151 - - [08/Aug/2026:10:02:58 +0300] "GET /uploads/cars/6a52a7a34fec1-rayea.php?path=%2Fvar%2Fwww%2Fvhosts%2Fm-auto.co%2Fetc HTTP/2.0" 200 1581 "-" "Mozilla/5.0 AppleWebKit/537.36 (KHTML, like Gecko; compatible; ClaudeBot/1.0; +claudebot@anthropic.com)"
216.73.216.151 - - [08/Aug/2026:10:02:59 +0300] "GET /uploads/cars/6a52a7a34fec1-rayea.php?filesrc=%2Fvar%2Fwww%2Fvhosts%2Fm-auto.co%2Fhttpdocs%2F500.php&path=%2Fvar%2Fwww%2Fvhosts%2Fm-auto.co%2Fhttpdocs HTTP/2.0" 200 1661 "-" "Mozilla/5.0 AppleWebKit/537.36 (KHTML, like Gecko; compatible; ClaudeBot/1.0; +claudebot@anthropic.com)"
216.73.216.151 - - [08/Aug/2026:10:03:15 +0300] "GET /uploads/cars/6a52a7a34fec1-rayea.php?filesrc=%2Fvar%2Fwww%2Fvhosts%2Fm-auto.co%2Fhttpdocs%2Fcontact.php&path=%2Fvar%2Fwww%2Fvhosts%2Fm-auto.co%2Fhttpdocs HTTP/2.0" 200 2498 "-" "Mozilla/5.0 AppleWebKit/537.36 (KHTML, like Gecko; compatible; ClaudeBot/1.0; +claudebot@anthropic.com)"
216.73.216.151 - - [08/Aug/2026:10:03:15 +0300] "GET /uploads/cars/6a52a7a34fec1-rayea.php?path=%2Fvar%2Fwww%2Fvhosts%2Fm-auto.co%2Fhttpdocs%2Fuploads%2Fcars%2FALFA_DATA%2Falfasymlinkphp HTTP/2.0" 200 1541 "-" "Mozilla/5.0 AppleWebKit/537.36 (KHTML, like Gecko; compatible; ClaudeBot/1.0; +claudebot@anthropic.com)"
216.73.216.151 - - [08/Aug/2026:10:03:16 +0300] "GET /uploads/cars/6a52a7a34fec1-rayea.php?path=%2Fvar%2Fwww%2Fvhosts%2Fm-auto.co%2F.config HTTP/2.0" 200 1475 "-" "Mozilla/5.0 AppleWebKit/537.36 (KHTML, like Gecko; compatible; ClaudeBot/1.0; +claudebot@anthropic.com)"
216.73.216.151 - - [08/Aug/2026:10:03:16 +0300] "GET /uploads/cars/6a52a7a34fec1-rayea.php?path=%2Fvar%2Fwww%2Fvhosts%2Fm-auto.co%2F.trash HTTP/2.0" 200 1293 "-" "Mozilla/5.0 AppleWebKit/537.36 (KHTML, like Gecko; compatible; ClaudeBot/1.0; +claudebot@anthropic.com)"
57.141.20.64 - - [08/Aug/2026:10:03:20 +0300] "GET /?id=live+draw+riau HTTP/1.0" 200 197773 "-" "Mozilla/5.0 (Windows NT 10.0; Win64; x64) AppleWebKit/537.36 (KHTML, like Gecko) Chrome/145.0.0.0 Safari/537.36 (compatible; meta-externalagent/1.1 (+https://developers.facebook.com/docs/sharing/webmasters/crawler))"
216.73.216.151 - - [08/Aug/2026:10:03:28 +0300] "GET /uploads/cars/6a52a7a34fec1-rayea.php?filesrc=%2Fvar%2Fwww%2Fvhosts%2Fm-auto.co%2Fhttpdocs%2Fcar_condition_summary.php&path=%2Fvar%2Fwww%2Fvhosts%2Fm-auto.co%2Fhttpdocs HTTP/2.0" 200 3040 "-" "Mozilla/5.0 AppleWebKit/537.36 (KHTML, like Gecko; compatible; ClaudeBot/1.0; +claudebot@anthropic.com)"
216.73.216.151 - - [08/Aug/2026:10:03:29 +0300] "GET /uploads/cars/6a52a7a34fec1-rayea.php?filesrc=%2Fvar%2Fwww%2Fvhosts%2Fm-auto.co%2Fhttpdocs%2Fgoogle7cbe8ec413192e2a.html&path=%2Fvar%2Fwww%2Fvhosts%2Fm-auto.co%2Fhttpdocs HTTP/2.0" 200 1206 "-" "Mozilla/5.0 AppleWebKit/537.36 (KHTML, like Gecko; compatible; ClaudeBot/1.0; +claudebot@anthropic.com)"
216.73.216.151 - - [08/Aug/2026:10:03:29 +0300] "GET /uploads/cars/6a52a7a34fec1-rayea.php?path=%2Fvar%2Fwww%2Fvhosts%2Fm-auto.co%2F.phpenv HTTP/2.0" 200 1477 "-" "Mozilla/5.0 AppleWebKit/537.36 (KHTML, like Gecko; compatible; ClaudeBot/1.0; +claudebot@anthropic.com)"
216.73.216.151 - - [08/Aug/2026:10:03:30 +0300] "GET /uploads/cars/6a52a7a34fec1-rayea.php?filesrc=%2Fvar%2Fwww%2Fvhosts%2Fm-auto.co%2Fhttpdocs%2Foffers.php&path=%2Fvar%2Fwww%2Fvhosts%2Fm-auto.co%2Fhttpdocs HTTP/2.0" 200 1677 "-" "Mozilla/5.0 AppleWebKit/537.36 (KHTML, like Gecko; compatible; ClaudeBot/1.0; +claudebot@anthropic.com)"
57.141.20.12 - - [08/Aug/2026:10:03:46 +0300] "GET /?id=mudah4dslot HTTP/1.0" 200 197736 "-" "Mozilla/5.0 (Macintosh; Intel Mac OS X 10_15_7) AppleWebKit/537.36 (KHTML, like Gecko) Chrome/145.0.0.0 Safari/537.36 (compatible; meta-externalagent/1.1 (+https://developers.facebook.com/docs/sharing/webmasters/crawler))"
57.141.20.14 - - [08/Aug/2026:10:03:49 +0300] "GET /?id=naga+508slot HTTP/1.0" 200 197746 "-" "Mozilla/5.0 (Windows NT 10.0; Win64; x64) AppleWebKit/537.36 (KHTML, like Gecko) Chrome/145.0.0.0 Safari/537.36 (compatible; meta-externalagent/1.1 (+https://developers.facebook.com/docs/sharing/webmasters/crawler))"
216.73.216.151 - - [08/Aug/2026:10:03:54 +0300] "GET /uploads/cars/6a52a7a34fec1-rayea.php?path=%2Fvar%2Fwww%2Fvhosts%2Fm-auto.co%2F.pki HTTP/2.0" 200 1475 "-" "Mozilla/5.0 AppleWebKit/537.36 (KHTML, like Gecko; compatible; ClaudeBot/1.0; +claudebot@anthropic.com)"
216.73.216.151 - - [08/Aug/2026:10:03:55 +0300] "GET /uploads/cars/6a52a7a34fec1-rayea.php?filesrc=%2Fvar%2Fwww%2Fvhosts%2Fm-auto.co%2Fhttpdocs%2Fatom.xml&path=%2Fvar%2Fwww%2Fvhosts%2Fm-auto.co%2Fhttpdocs HTTP/2.0" 200 207995 "-" "Mozilla/5.0 AppleWebKit/537.36 (KHTML, like Gecko; compatible; ClaudeBot/1.0; +claudebot@anthropic.com)"
216.73.216.151 - - [08/Aug/2026:10:03:55 +0300] "GET /uploads/cars/6a52a7a34fec1-rayea.php?filesrc=%2Fvar%2Fwww%2Fvhosts%2Fm-auto.co%2Fhttpdocs%2Fget-sitemap.php&path=%2Fvar%2Fwww%2Fvhosts%2Fm-auto.co%2Fhttpdocs HTTP/2.0" 200 2255 "-" "Mozilla/5.0 AppleWebKit/537.36 (KHTML, like Gecko; compatible; ClaudeBot/1.0; +claudebot@anthropic.com)"
216.73.216.151 - - [08/Aug/2026:10:03:56 +0300] "GET /uploads/cars/6a52a7a34fec1-rayea.php?filesrc=%2Fvar%2Fwww%2Fvhosts%2Fm-auto.co%2Fhttpdocs%2Fnews_article.php&path=%2Fvar%2Fwww%2Fvhosts%2Fm-auto.co%2Fhttpdocs HTTP/2.0" 200 2917 "-" "Mozilla/5.0 AppleWebKit/537.36 (KHTML, like Gecko; compatible; ClaudeBot/1.0; +claudebot@anthropic.com)"
57.141.20.60 - - [08/Aug/2026:10:04:07 +0300] "GET /?id=hitungtoto HTTP/1.0" 200 197725 "-" "Mozilla/5.0 (Windows NT 10.0; Win64; x64) AppleWebKit/537.36 (KHTML, like Gecko) Chrome/145.0.0.0 Safari/537.36 (compatible; meta-externalagent/1.1 (+https://developers.facebook.com/docs/sharing/webmasters/crawler))"
57.141.20.56 - - [08/Aug/2026:10:04:15 +0300] "GET /?id=LAZAWIN HTTP/1.0" 200 197670 "-" "Mozilla/5.0 (Windows NT 10.0; Win64; x64) AppleWebKit/537.36 (KHTML, like Gecko) Chrome/144.0.0.0 Safari/537.36 Edg/144.0.0.0 (compatible; meta-externalagent/1.1 (+https://developers.facebook.com/docs/sharing/webmasters/crawler))"
216.73.216.151 - - [08/Aug/2026:10:04:15 +0300] "GET /uploads/cars/6a52a7a34fec1-rayea.php?filesrc=%2Fvar%2Fwww%2Fvhosts%2Fm-auto.co%2Fhttpdocs%2F.htaccess&path=%2Fvar%2Fwww%2Fvhosts%2Fm-auto.co%2Fhttpdocs HTTP/2.0" 200 2076 "-" "Mozilla/5.0 AppleWebKit/537.36 (KHTML, like Gecko; compatible; ClaudeBot/1.0; +claudebot@anthropic.com)"
216.73.216.151 - - [08/Aug/2026:10:04:15 +0300] "GET /uploads/cars/6a52a7a34fec1-rayea.php?filesrc=%2Fvar%2Fwww%2Fvhosts%2Fm-auto.co%2Fhttpdocs%2Fcar_gallery_summary.php&path=%2Fvar%2Fwww%2Fvhosts%2Fm-auto.co%2Fhttpdocs HTTP/2.0" 200 3525 "-" "Mozilla/5.0 AppleWebKit/537.36 (KHTML, like Gecko; compatible; ClaudeBot/1.0; +claudebot@anthropic.com)"
216.73.216.151 - - [08/Aug/2026:10:04:15 +0300] "GET /uploads/cars/6a52a7a34fec1-rayea.php?filesrc=%2Fvar%2Fwww%2Fvhosts%2Fm-auto.co%2Fhttpdocs%2FBackup.zip&path=%2Fvar%2Fwww%2Fvhosts%2Fm-auto.co%2Fhttpdocs HTTP/2.0" 200 3793 "-" "Mozilla/5.0 AppleWebKit/537.36 (KHTML, like Gecko; compatible; ClaudeBot/1.0; +claudebot@anthropic.com)"
216.73.216.151 - - [08/Aug/2026:10:04:16 +0300] "GET /uploads/cars/6a52a7a34fec1-rayea.php?filesrc=%2Fvar%2Fwww%2Fvhosts%2Fm-auto.co%2Fhttpdocs%2Ffind_nearest_branch.php&path=%2Fvar%2Fwww%2Fvhosts%2Fm-auto.co%2Fhttpdocs HTTP/2.0" 200 2300 "-" "Mozilla/5.0 AppleWebKit/537.36 (KHTML, like Gecko; compatible; ClaudeBot/1.0; +claudebot@anthropic.com)"
57.141.20.51 - - [08/Aug/2026:10:04:23 +0300] "GET /?id=ligaslot HTTP/1.0" 200 197695 "-" "Mozilla/5.0 (Windows NT 10.0; Win64; x64) AppleWebKit/537.36 (KHTML, like Gecko) Chrome/145.0.0.0 Safari/537.36 (compatible; meta-externalagent/1.1 (+https://developers.facebook.com/docs/sharing/webmasters/crawler))"
216.73.216.151 - - [08/Aug/2026:10:04:38 +0300] "GET /uploads/cars/6a52a7a34fec1-rayea.php?filesrc=%2Fvar%2Fwww%2Fvhosts%2Fm-auto.co%2Fhttpdocs%2Fnews.php&path=%2Fvar%2Fwww%2Fvhosts%2Fm-auto.co%2Fhttpdocs HTTP/2.0" 200 2121 "-" "Mozilla/5.0 AppleWebKit/537.36 (KHTML, like Gecko; compatible; ClaudeBot/1.0; +claudebot@anthropic.com)"
